. Let d = 1994 + -1944. What is the greatest common factor of i and d?
10
Suppose -23*w - 7853 + 1597 = 0. Let h = w + 476. What is the highest common divisor of h and 340?
68
Suppose -7*n = -154 - 959. Calculate the highest common factor of 9 and n.
3
Suppose 7747 + 702 = 71*f. Suppose -84 - 18 = -3*h - n, -2*n = -h + 34. Calculate the greatest common factor of h and f.
17
Suppose -w + 148 = 141. Suppose 715 + 111 = w*f. Calculate the highest common factor of 295 and f.
59
Let y be (-50)/(-12)*((-1455)/150 + 10)*8. Suppose 4*b - 525 = -5*h, 2*b = -3*b + 4*h + 605. Calculate the highest common divisor of y and b.
5
Let j(t) = 5*t**2 + 43*t + 55. Let r be j(-9). What is the highest common factor of r and 584?
73
Let n be (2 - 2)*(-4)/(-8). Let r be (68 + 3 - -1) + n. Let g = 1467 - 1443. What is the highest common divisor of r and g?
24
Let p be 9 + 0 + 0 + -1. Let b = 721 + -719. Suppose -b = 3*i - 14. Calculate the greatest common factor of i and p.
4
Let n = 235 + -112. Let g = -38 + n. Calculate the highest common divisor of g and 51.
17
Let v be 15 - 0 - (-173 + 62). Calculate the greatest common factor of 238 and v.
14
Let z = -148 + 135. Let s be (-9)/(-2)*z/((-39)/70). Suppose 5*f = 2*g - 5, -4*f + 65 = 3*g - 0*f. What is the greatest common divisor of g and s?
15
Suppose 8*j = 2*h + 13*j - 144, 2*h - 4*j - 144 = 0. Suppose -2*c + 46 = 4*i, 4*c - 11 = i - 0*c. What is the highest common factor of i and h?
9
Suppose -4*j = -4*b - 120, -67*b = -2*j - 68*b + 78. Calculate the greatest common factor of 132 and j.
12
Let o(c) = 9*c**2 - c - 1. Let i be o(-1). Suppose -24 = -15*l + 12*l. Let z be 574/l - (-5 - (-19)/4). Calculate the greatest common factor of z and i.
9
Let j = -1020 + 3464. Calculate the highest common divisor of 78 and j.
26
Suppose 0 = 8*z - 12504 - 29024. Calculate the greatest common divisor of z and 29.
29
Let m = 5285 - 5211. Calculate the highest common divisor of m and 296.
74
Suppose 178794*p - 178777*p - 680 = 0. Suppose 55 + 305 = 2*s. What is the greatest common divisor of s and p?
20
Let i be ((-129)/(-9))/(2/18). Suppose 2*a + 312 = -3*h, -3*h + 4*a = h + 396. Let t = i + h. Calculate the greatest common factor of 18 and t.
9
Suppose 5*d = -o + 32, -2*d + 18 - 1 = -o. Suppose d = -3*k + 31. Calculate the highest common divisor of k and 100.
4
Let j be (3/(-4))/(3/(-300)). Let z(n) = -11*n + 432. Let x be z(39). Calculate the greatest common divisor of j and x.
3
Let d(s) = -5*s - 48. Let q(g) = -26*g + 11. Let f be q(1). Let p be d(f). What is the highest common divisor of 432 and p?
27
Let n = -7 - -77. Let y be (-16)/((-4)/(-4)) - -1. Let k be 70/y*3/(-2). What is the greatest common factor of n and k?
7
Suppose -2*r + 5 = h - 37, -r = h - 24. What is the greatest common divisor of r and 1038?
6
Suppose 24*a + 253 = 29*a - 2*g, 0 = 3*a - 3*g - 150. Calculate the highest common divisor of a and 8653.
17
Let v be 2/3*(-11 + 527). Let w = v + -314. Calculate the greatest common factor of w and 150.
30
Suppose 8010 = -767*k + 797*k. What is the highest common factor of 1157 and k?
89
Let b(n) be the second derivative of -4/3*n**3 - n + 0 + 12*n**2. Let i be b(-22). Calculate the greatest common divisor of 40 and i.
40
Suppose -22*x - 2*x - 1018 + 1258 = 0. Let l = -512 - -922. What is the highest common factor of x and l?
10
Suppose -3*y + y = l - 2482, 0 = 3*y - l - 3728. What is the greatest common factor of y and 46?
46
Let c(w) = 6*w - 15 - 11 - 6 + 7. Let j be c(6). Calculate the highest common factor of j and 1.
1
Suppose 0 = -4*x + 26 + 22. Let w = x - -41. Suppose -2*a - 4*o = 2*a - 228, -o - w = -a. Calculate the highest common divisor of a and 11.
11
Let t = 2050 + -1999. Suppose 122 = 6*f + 104. What is the greatest common factor of f and t?
3
Suppose -22*v + 566 + 1018 = 0. Let c(w) = -2*w + 43. Let u be 4/((-12)/9) - 100/(-5). Let p be c(u). Calculate the greatest common divisor of p and v.
9
Suppose -2*l + 37 = -233. Let q be (-3 - (8 + 1)) + 6 + -518. Let a = -434 - q. Calculate the greatest common factor of l and a.
45
Let u(g) = g**3 + 14*g**2 - 120*g + 61. Let n be u(-20). What is the highest common factor of n and 10?
1
Let v be 0*((-15)/(-10))/3. Suppose v = -4*o - q - 3*q + 8, -3*o + q + 14 = 0. Let a be (-5)/(105/(-25) + o). What is the greatest common divisor of 175 and a?
25
Suppose -1388 = -3*c + 880. Suppose 35*d = -19*d + c. Calculate the highest common factor of 35 and d.
7
Suppose 3*p = 9*p + 2*c - 362, -3*p = -2*c - 178. Suppose 2*z = -s + 4*s - 180, -s + p = 3*z. What is the greatest common factor of 36 and s?
12
Let r(x) = -2*x**2 + 108*x - 568. Let s be r(47). Calculate the highest common divisor of 960 and s.
30
Let s be (-6)/4 + (-199)/2 + 0. Let o = s + 150. Let g = 81 - o. Calculate the greatest common divisor of 112 and g.
16
Suppose -8*s = 369 - 3857. Suppose s = 6*o + 304. Let u(y) = 13*y**2 + y + 1. Let m be u(2). What is the greatest common divisor of m and o?
11
Let x = -49 - -49. Suppose 5*s = 3*r - 115, x = 2*r - 3*s - 0*s - 75. Suppose -r = -6*g + g. What is the highest common factor of g and 30?
6
Let t(o) = -o**2 - o + 14. Let q be t(-5). Let u be q*(3/1)/(-9). Suppose -20 = -u*m - 2*m. Calculate the highest common divisor of 55 and m.
5
Let t be 15/(-1)*12/(-30). Suppose -108*n + 134*n = -780. Let l = t - n. Calculate the greatest common divisor of l and 27.
9
Suppose -505 = -11*w + 3455. What is the highest common factor of w and 2376?
72
Suppose -2315 = -w - 5*c, 5*w + 2*c - 3*c = 11627. Calculate the highest common divisor of w and 372.
93
Let u(g) = 4*g**2 - 6*g + 118. Let o be u(11). Calculate the highest common factor of o and 56.
8
Suppose -508*h + 507*h = 42. Let c(j) = j**3 + 41*j**2 - 55*j + 162. Let i be c(h). Calculate the greatest common divisor of 24 and i.
12
Let a = -2558 - -4030. What is the greatest common divisor of a and 64?
64
Let a(v) be the first derivative of 17*v**2/2 - 16*v - 54. Let u be a(4). What is the greatest common divisor of 1144 and u?
52
Let a be (-114)/(-2)*(6 - (-5)/(-15)). Calculate the greatest common divisor of a and 340.
17
Let w(a) = 2*a**3 - 30*a**2 - a + 218. Let r be w(16). Calculate the highest common factor of 459 and r.
51
Suppose -91*v + 19272 = -18*v. Calculate the highest common factor of v and 120.
24
Suppose 175*h = 366*h - 176*h - 14850. What is the highest common divisor of 396 and h?
198
Let u(d) = -49*d**2 + 252*d + 1. Let j be u(5). Let t(c) = -c + 24. Let p be t(0). What is the greatest common factor of j and p?
12
Suppose 5*v - 66 = 29. Let q be 4/9*6 + 4/(-6). Suppose 5*z - 4*h = 495, -179 - 211 = -4*z + q*h. What is the highest common divisor of z and v?
19
Let o(x) = 255*x**2 + 2*x - 1. Let z be o(1). Let u = -154 + 157. Let d be (8*u/(-15))/((-4)/80). Calculate the highest common factor of z and d.
32
Let c = 159 - 154. Suppose c*s - 13 = 12. Calculate the highest common factor of 1 and s.
1
Let y be (-23 - 0)/(-23)*2147. Calculate the greatest common divisor of y and 565.
113
Let v = 16688 + -7140. What is the greatest common factor of v and 22?
22
Let o(u) = u**3 - 25*u**2 + 25*u - 11. Let w be o(24). Let q = w + -24. Let t be 0*2/(0 + -2) - q. What is the highest common divisor of t and 132?
11
Let l = 2 - -20. Suppose -215675 = -30*p - 211055. Calculate the highest common factor of p and l.
22
Let n = 271 - -213. Let a = 7041 + -6997. What is the greatest common factor of n and a?
44
Let v(f) = -1105*f + 1025. Let k be v(0). What is the greatest common factor of k and 175?
25
Let a be (-24)/10*(-15 + (-300)/36). Suppose 3*l + 7 = -v + 65, 0 = 3*l + 2*v - 56. What is the highest common factor of a and l?
4
Suppose 2*d + 2*h = -3*h + 87, -3*h = 3*d - 135. Suppose d*r = 52*r - 330. Calculate the greatest common divisor of r and 25.
5
Let g be (20/35)/(8/28). Suppose 3*h + 2*a - 4*a = 68, -5*a = -g*h + 27. Suppose -3*p + h = -4. Calculate the highest common divisor of p and 20.
10
Let v(b) = 6372*b + 51053. Let c be v(-8). Let l = 15 + -8. Calculate the highest common divisor of l and c.
7
Let k = 161 + -152. Let y(g) = g - 6. Let o be y(3). Let s(a) = -20*a + 12. Let t be s(o). What is the greatest common divisor of t and k?
9
Let h be (0 - -677) + 3 + 13/(-143)*0. Calculate the highest common d